*3 - 10*y**2 - y - 7. Let i be x(-10). What is the greatest common divisor of i and 27?
3
Let f(k) = -6*k**2 - 6 + 6*k + 0*k**2 + 2*k**3 - k**3. Let y be f(6). Let z = -12 + y. What is the highest common factor of 162 and z?
18
Suppose 10*y - 109 - 461 = 0. Calculate the greatest common factor of y and 19.
19
Let u be (-12)/1*1/(-4). Let b(m) = 5*m - 5. Let x be b(7). Calculate the highest common factor of x and u.
3
Let k(h) = 8*h - 4. Let q(y) = y. Let l(x) = -k(x) + 6*q(x). Let d be l(-6). What is the highest common divisor of d and 4?
4
Let r be (9/(-2))/3*2. Let m(x) = x**2 + 3*x + 4. Let p be m(r). Let w be p/(-10) - (-216)/15. What is the highest common factor of w and 70?
14
Let w = 11 + 29. Suppose -4*a = -5*h - 30, 2*a - 3*a = 3*h + 1. Calculate the greatest common factor of w and a.
5
Let x(b) = 9*b - 10. Let n be x(17). What is the highest common divisor of n and 13?
13
Let q be (-7 + -8)*16/6. Let c be (4 + -1)*q/(-24). What is the highest common divisor of 1 and c?
1
Suppose 2*k + k = -4*d - 21, -2*k + 3*d = 14. Let o = -113 + 97. Let i = k - o. What is the greatest common factor of 1 and i?
1
Let b = -97 - -109. Calculate the greatest common factor of b and 12.
12
Let f be (-1 - (-6)/8)/(1/(-8)). Let n be (-2)/4*(-1 - 5). Suppose -n = -5*t + 2*t. Calculate the highest common factor of f and t.
1
Suppose -2*j + 5*g + 28 = 0, -3*j + 17 + 7 = -3*g. Let q(a) = -4*a + 12. Let p be q(-4). Calculate the highest common factor of p and j.
4
Let c(g) = -g**3 - 6*g**2 + g + 19. Let t be c(-6). Let j be -52*((-5)/4 - 0). Calculate the highest common factor of t and j.
13
Let i(m) = -m**3 - 8*m**2 - 7*m + 6. Let p be i(-7). Calculate the highest common factor of p and 18.
6
Let f be 3 + (12/4)/(-3). Let i(r) be the second derivative of -r**4/12 + 8*r**2 + r. Let z be i(0). What is the highest common factor of z and f?
2
Let y = -168 - -212. What is the greatest common divisor of y and 22?
22
Suppose -3*y + 54 = 2*u, -7*y + 3*y = 3*u - 73. Let n = 60 + 84. What is the highest common factor of y and n?
16
Let c(q) = 7*q. Suppose -2 = -5*p + 3. Let m be c(p). Calculate the greatest common divisor of m and 70.
7
Suppose -11*a = -205 - 48. Let c(q) = 24*q**3 - q**2 + q - 1. Let b be c(1). What is the highest common divisor of a and b?
23
Let o be 7/(16/(-60)*(-6)/80). Calculate the greatest common divisor of o and 50.
50
Let w(q) = -q**2 - 6*q - 7. Let v = 21 + -24. Let n be w(v). What is the greatest common divisor of 2 and n?
2
Suppose -3*b + 40 = 7. Suppose 0 = 4*k + 494 + 194. Let o = k + 293. What is the highest common factor of o and b?
11
Let z(p) = -2*p**3 - 4*p**2 - 3*p. Let d be z(-2). Let x be (90/(-4))/((-3)/d). What is the highest common factor of 18 and x?
9
Suppose 5*f - 120 = 200. Calculate the highest common divisor of 8 and f.
8
Suppose 0 = -4*q - 326 + 934. Calculate the highest common divisor of q and 19.
19
Let x(f) = f**3 + 10*f**2 + 9*f + 2. Let c be x(-9). Calculate the greatest common divisor of 14 and c.
2
Let z be (3 + 30)*10/6. What is the highest common divisor of z and 22?
11
Suppose x + 0 = -1. Let f be 4/((-6)/9 - x). Calculate the greatest common factor of 96 and f.
12
Suppose 5*r - p = -37, r + 5*p = -2*r - 39. Let a(d) = d**3 + 9*d**2 + 5*d + 9. Let h be a(r). What is the highest common factor of h and 11?
11
Suppose 20 = -4*t + 4*l, -3*t - 12 = -5*l + 11. Let v be ((2 - 3)*0)/t. Suppose -1 = -p - v*p. What is the highest common factor of 7 and p?
1
Let c(o) = -4*o - 6. Let a be 17/(-4) - 2/(-8). Let b be c(a). What is the highest common factor of b and 40?
10
Let u(q) = 2*q**2 - 11*q + 19. Let r be u(5). Calculate the greatest common divisor of 14 and r.
14
Suppose -20 = -2*i + i. Calculate the highest common divisor of i and 30.
10
Let q be (20/6)/(20/30). Suppose x - n - 60 - 2 = 0, 0 = -4*x + q*n + 245. What is the greatest common factor of x and 13?
13
Let j(v) = 7*v**2 - 1. Let y be j(-1). Suppose 3 = -3*c + 2*c, 0 = -g - 3*c - y. Calculate the greatest common divisor of 15 and g.
3
Let a(s) = -s**2 - 9*s + 10. Let x be a(-8). Let g be (-48)/18*x/(-4). What is the highest common factor of 36 and g?
12
Let o(t) = -t**3 + 7*t**2 + 9*t + 2. Suppose 0*h - h - 4 = 0. Let r = h - -12. Let c be o(r). Calculate the highest common factor of 2 and c.
2
Let o(z) = -z + 24. Let x be o(0). Suppose 28 = 2*i - x. What is the highest common factor of 39 and i?
13
Suppose 67 + 69 = 4*b. Suppose -2*a = -3*a + 51. What is the greatest common factor of b and a?
17
Suppose -i + 12 - 37 = 0. Let a = i - -59. Suppose -n + 69 = 4*d, -4*n = -d + 20 - 7. Calculate the greatest common factor of a and d.
17
Let b be (-342)/(-15) - (-7)/35. Calculate the highest common factor of b and 161.
23
Let f(u) = u**3 - u**2 + u + 64. Let v be f(0). What is the highest common factor of v and 16?
16
Suppose 14 = 3*h - 22. Let l be -1*(-2)/(-6)*0. Suppose -4*n = -2*t + 10 - l, 0 = -5*t - 3*n + 12. What is the highest common factor of t and h?
3
Let t(x) = -x**3 - 9*x**2 - 11*x - 15. Let m be t(-9). Calculate the greatest common factor of 12 and m.
12
Let j(s) = s**2 + s - 3. Let r be j(-4). Let t be (-3)/r*(3 - 3). Suppose 4*k - 37 - 119 = t. What is the highest common factor of k and 13?
13
Let u = -77 - -80. Let d(c) = -2*c**2 - 2*c + 3*c**3 - c**3 - 2*c. Let t be d(u). Calculate the highest common divisor of t and 264.
24
Let k(s) = 4*s**2 + s - 6. Let x be k(-6). Suppose 5*a + 22 - x = 0. Calculate the greatest common factor of a and 2.
2
Let a be -1 - -5 - 0/(-3). Suppose -33 = -2*n - i - 0*i, 0 = -a*n - 4*i + 72. Calculate the highest common divisor of 45 and n.
15
Let t(s) = -s**3 - 24*s**2 - 21*s + 50. Let x be t(-23). Suppose 5 + 31 = o. What is the highest common divisor of x and o?
4
Let h = 124 - 4. Calculate the greatest common factor of h and 24.
24
Let r(v) = 2*v**3 - v**2 + 2*v - 1. Let f be r(1). Suppose f*p + 105 = 5*p. Calculate the highest common factor of p and 7.
7
Suppose 0*n = 5*n - 135. What is the highest common factor of 3 and n?
3
Suppose 3*w + d = 5, 5*w - 16 = w + d. What is the greatest common divisor of 15 and w?
3
Let f = -64 - -144. What is the greatest common divisor of f and 32?
16
Let a = -8 + 1. Suppose 0 = -f - n - 15, -4*f + 6*n = 4*n + 84. Let l = a - f. What is the highest common divisor of l and 12?
12
Let c be (21*(-2)/(-9))/((-4)/(-84)). Let k = -13 - 3. Let n = -2 - k. What is the highest common divisor of n and c?
14
Let v(h) = 2*h + 10. Let d be v(9). Calculate the highest common factor of d and 140.
28
Let k be (14 - 11)/(-2*2/(-12)). Calculate the highest common divisor of 18 and k.
9
Let v be 10/(-4)*6/(-3). Let h(o) = -o + 15. Let j be h(10). What is the highest common factor of v and j?
5
Suppose 4*z = -2*p + 3*z + 7, 4*z - 6 = 3*p. Suppose p*d - 9 = d. Let h = 43 + 20. Calculate the highest common factor of d and h.
9
Suppose -42 - 78 = -3*v. What is the greatest common divisor of v and 8?
8
Suppose 2*h - 10 = -0, 0 = -2*x - 4*h + 180. Suppose 7*m + 3*s - 100 = 2*m, 0 = 4*m + 3*s - x. Calculate the greatest common divisor of 50 and m.
10
Let t be 30/5*(-49)/(-14). Suppose 3*v - 396 = 171. Calculate the highest common factor of t and v.
21
Let u = 19 - 9. Suppose -16 = s + 2*y - 7*y, 20 = -s + 3*y. Let d = u - s. What is the greatest common factor of 18 and d?
18
Suppose -5*w = -4*d - 25, -3*w = -d + 3*d + 7. Let a(b) = 0 + 0*b - 4 + w - 2*b. Let u be a(-7). What is the greatest common factor of 110 and u?
11
Let o be (-235)/(-3) + (-16)/12. Calculate the highest common divisor of o and 11.
11
Suppose 0 = b + 3*b - 2*a - 128, 0 = -3*b + 3*a + 93. Suppose 5*r = 42 + b. What is the greatest common factor of r and 75?
15
Let u = -4 - -8. Suppose -4*s + 8 = u*v, s = 4*s. Let a(d) = d**3. Let j be a(v). What is the greatest common divisor of 20 and j?
4
Suppose -u = u - 36. Calculate the greatest common factor of 12 and u.
6
Suppose -a = -3*f - 24, -3*a + a + 43 = -5*f. Let v be 2/3 - 80/(-15). What is the highest common factor of v and a?
3
Let b = 18 - 10. Let i be 4*(5/(-2))/(-5). Let d be i/(-7) + 18/14. What is the highest common divisor of b and d?
1
Suppose -5*q + 2*l = -17 - 24, 0 = -q - 3*l + 15. Let f = -1 + q. Let n = -5 + f. What is the highest common divisor of n and 21?
3
Let d(o)